{"id":7533,"date":"2018-10-30T04:47:44","date_gmt":"2018-10-30T04:47:44","guid":{"rendered":"https:\/\/aroma-database.com\/shop\/product\/1-year-license-renewal-2\/"},"modified":"2026-01-19T07:46:45","modified_gmt":"2026-01-19T07:46:45","slug":"1-year-license-renewal-2","status":"publish","type":"product","link":"https:\/\/aroma-database.com\/shop\/tuote\/1-year-license-renewal-2\/?lang=fi","title":{"rendered":"1-year-license"},"content":{"rendered":"<p>\u201dVahvistamattomat tiedot eteerisist\u00e4 \u00f6ljyist\u00e4 ja aromavinkit l\u00f6ytyv\u00e4t internetist\u00e4 hyvinkin nopeasti. Samoin reseptien kanssa. Ero: T\u00e4ss\u00e4 tietokannassa kaikki tiedot on tarkistettu useita kertoja, kaikki reseptit on todella kokeiltu ja kaikki jaetut vinkit on testattu \u2013 aromainfon tiedon laatuun voit luottaa!&#8220;<\/p>\n<p>Voit k\u00e4ytt\u00e4\u00e4 tietokantaa (tunnuksellasi) matkapuhelimella, tabletilla, tietokoneella tai kannettavalla tietokoneella. Tunnuksellasi voit k\u00e4ytt\u00e4\u00e4 tietokantaa samanaikaisesti vain yhdell\u00e4 laitteella. Sinun on ensin kirjauduttava ulos tietokannasta, jotta voit kirjautua tietokantaan toisella laitteella. Tietokannan tiedot edustavat yhteenvetoa 20 vuoden kokemuksesta aromaterapian ammattilaisena ja mainittujen l\u00e4hteiden tiedoista).<\/p>\n<p style=\"text-align: center;\"><a href=\"https:\/\/aroma-database.com\/frontend\/web\/index.php\/site\/trial\"><strong>&gt;&gt;&gt;ilmainen 24-tunnin kokeilu&lt;&lt;&lt;<\/strong><\/a><\/p>\n<p>Jos haluat ostaa lisenssin, valitse &#8222;Shop&#8220; -kohta t\u00e4m\u00e4n sivun otsikkovalikossa ja valitse sitten haluamasi tuote. Tuotekuvauksesta l\u00f6yd\u00e4t my\u00f6s linkin ilmaiseen 24 tunnin kokeiluversioon. Jos olet j\u00e4lleenmyyj\u00e4, seminaarien j\u00e4rjest\u00e4j\u00e4 tms. ja haluat ostaa v\u00e4hint\u00e4\u00e4n 20 lisenssi\u00e4, l\u00e4het\u00e4 meille s\u00e4hk\u00f6postia osoitteeseen: <a href=\"mailto:office@aromainfo.at\">office@aromainfo.at<\/a> ja otamme sinuun mielell\u00e4mme yhteytt\u00e4.<\/p>\n","protected":false},"excerpt":{"rendered":"<p>Tietokannan k\u00e4ytt\u00e4minen edellytt\u00e4\u00e4 internet-selainta tai soveltuvaa mobiilisovellusta sek\u00e4 tarvittavia tietoliikenneyhteyksi\u00e4.) . Tietokanta on k\u00e4ytett\u00e4viss\u00e4 yhden vuoden tunnistetietojen l\u00e4hetysp\u00e4iv\u00e4st\u00e4). Sinulle ilmoitetaan viikko ennen lisenssin vanhenemista, ett\u00e4 voit uusia lisenssin.<\/p>\n","protected":false},"featured_media":8707,"template":"","meta":{"_et_pb_use_builder":"","_et_pb_old_content":"","_et_gb_content_width":""},"product_brand":[],"product_cat":[120],"product_tag":[],"class_list":{"0":"post-7533","1":"product","2":"type-product","3":"status-publish","4":"has-post-thumbnail","6":"product_cat-software-fi","8":"first","9":"instock","10":"virtual","11":"taxable","12":"purchasable","13":"product-type-simple"},"yoast_head":"<!-- This site is optimized with the Yoast SEO plugin v27.4 - https:\/\/yoast.com\/product\/yoast-seo-wordpress\/ -->\n<title>1-year-license - aromainfo-database - Aromatherapie Datenbank<\/title>\n<meta name=\"description\" content=\"Aromitutkimus: Kaikki t\u00e4m\u00e4n tietokannan tiedot on tarkastettu useaan otteeseen, kaikki reseptit on todellakin kokeiltu ja kaikki vinkit on kokeiltu ja testattu.\" \/>\n<meta name=\"robots\" content=\"index, follow, max-snippet:-1, max-image-preview:large, max-video-preview:-1\" \/>\n<link rel=\"canonical\" href=\"https:\/\/aroma-database.com\/shop\/tuote\/1-year-license-renewal-2\/?lang=fi\" \/>\n<meta property=\"og:locale\" content=\"de_DE\" \/>\n<meta property=\"og:type\" content=\"article\" \/>\n<meta property=\"og:title\" content=\"1-year-license - aromainfo-database - Aromatherapie Datenbank\" \/>\n<meta property=\"og:description\" content=\"Aromitutkimus: Kaikki t\u00e4m\u00e4n tietokannan tiedot on tarkastettu useaan otteeseen, kaikki reseptit on todellakin kokeiltu ja kaikki vinkit on kokeiltu ja testattu.\" \/>\n<meta property=\"og:url\" content=\"https:\/\/aroma-database.com\/shop\/tuote\/1-year-license-renewal-2\/?lang=fi\" \/>\n<meta property=\"og:site_name\" content=\"aromainfo-database - Aromatherapie Datenbank\" \/>\n<meta property=\"article:modified_time\" content=\"2026-01-19T07:46:45+00:00\" \/>\n<meta property=\"og:image\" content=\"https:\/\/aroma-database.com\/shop\/wp-content\/uploads\/2025\/04\/Shop_Grafiken_Jahreslizenz_engl.png\" \/>\n\t<meta property=\"og:image:width\" content=\"800\" \/>\n\t<meta property=\"og:image:height\" content=\"800\" \/>\n\t<meta property=\"og:image:type\" content=\"image\/png\" \/>\n<meta name=\"twitter:card\" content=\"summary_large_image\" \/>\n<meta name=\"twitter:label1\" content=\"Gesch\u00e4tzte Lesezeit\" \/>\n\t<meta name=\"twitter:data1\" content=\"1\u00a0Minute\" \/>\n<script type=\"application\/ld+json\" class=\"yoast-schema-graph\">{\"@context\":\"https:\\\/\\\/schema.org\",\"@graph\":[{\"@type\":\"WebPage\",\"@id\":\"https:\\\/\\\/aroma-database.com\\\/shop\\\/tuote\\\/1-year-license-renewal-2\\\/?lang=fi\",\"url\":\"https:\\\/\\\/aroma-database.com\\\/shop\\\/tuote\\\/1-year-license-renewal-2\\\/?lang=fi\",\"name\":\"1-year-license - aromainfo-database - Aromatherapie Datenbank\",\"isPartOf\":{\"@id\":\"https:\\\/\\\/aroma-database.com\\\/shop\\\/#website\"},\"primaryImageOfPage\":{\"@id\":\"https:\\\/\\\/aroma-database.com\\\/shop\\\/tuote\\\/1-year-license-renewal-2\\\/?lang=fi#primaryimage\"},\"image\":{\"@id\":\"https:\\\/\\\/aroma-database.com\\\/shop\\\/tuote\\\/1-year-license-renewal-2\\\/?lang=fi#primaryimage\"},\"thumbnailUrl\":\"https:\\\/\\\/aroma-database.com\\\/shop\\\/wp-content\\\/uploads\\\/2025\\\/04\\\/Shop_Grafiken_Jahreslizenz_engl.png\",\"datePublished\":\"2018-10-30T04:47:44+00:00\",\"dateModified\":\"2026-01-19T07:46:45+00:00\",\"description\":\"Aromitutkimus: Kaikki t\u00e4m\u00e4n tietokannan tiedot on tarkastettu useaan otteeseen, kaikki reseptit on todellakin kokeiltu ja kaikki vinkit on kokeiltu ja testattu.\",\"breadcrumb\":{\"@id\":\"https:\\\/\\\/aroma-database.com\\\/shop\\\/tuote\\\/1-year-license-renewal-2\\\/?lang=fi#breadcrumb\"},\"inLanguage\":\"de\",\"potentialAction\":[{\"@type\":\"ReadAction\",\"target\":[\"https:\\\/\\\/aroma-database.com\\\/shop\\\/tuote\\\/1-year-license-renewal-2\\\/?lang=fi\"]}]},{\"@type\":\"ImageObject\",\"inLanguage\":\"de\",\"@id\":\"https:\\\/\\\/aroma-database.com\\\/shop\\\/tuote\\\/1-year-license-renewal-2\\\/?lang=fi#primaryimage\",\"url\":\"https:\\\/\\\/aroma-database.com\\\/shop\\\/wp-content\\\/uploads\\\/2025\\\/04\\\/Shop_Grafiken_Jahreslizenz_engl.png\",\"contentUrl\":\"https:\\\/\\\/aroma-database.com\\\/shop\\\/wp-content\\\/uploads\\\/2025\\\/04\\\/Shop_Grafiken_Jahreslizenz_engl.png\",\"width\":800,\"height\":800},{\"@type\":\"BreadcrumbList\",\"@id\":\"https:\\\/\\\/aroma-database.com\\\/shop\\\/tuote\\\/1-year-license-renewal-2\\\/?lang=fi#breadcrumb\",\"itemListElement\":[{\"@type\":\"ListItem\",\"position\":1,\"name\":\"Startseite\",\"item\":\"https:\\\/\\\/aroma-database.com\\\/shop\\\/\"},{\"@type\":\"ListItem\",\"position\":2,\"name\":\"Home\",\"item\":\"https:\\\/\\\/aroma-database.com\\\/shop\\\/\"},{\"@type\":\"ListItem\",\"position\":3,\"name\":\"1-year-license\"}]},{\"@type\":\"WebSite\",\"@id\":\"https:\\\/\\\/aroma-database.com\\\/shop\\\/#website\",\"url\":\"https:\\\/\\\/aroma-database.com\\\/shop\\\/\",\"name\":\"aromainfo-database - Aromatherapie Datenbank\",\"description\":\"\",\"publisher\":{\"@id\":\"https:\\\/\\\/aroma-database.com\\\/shop\\\/#organization\"},\"potentialAction\":[{\"@type\":\"SearchAction\",\"target\":{\"@type\":\"EntryPoint\",\"urlTemplate\":\"https:\\\/\\\/aroma-database.com\\\/shop\\\/?s={search_term_string}\"},\"query-input\":{\"@type\":\"PropertyValueSpecification\",\"valueRequired\":true,\"valueName\":\"search_term_string\"}}],\"inLanguage\":\"de\"},{\"@type\":\"Organization\",\"@id\":\"https:\\\/\\\/aroma-database.com\\\/shop\\\/#organization\",\"name\":\"aromainfo-database - Aromatherapie Datenbank\",\"url\":\"https:\\\/\\\/aroma-database.com\\\/shop\\\/\",\"logo\":{\"@type\":\"ImageObject\",\"inLanguage\":\"de\",\"@id\":\"https:\\\/\\\/aroma-database.com\\\/shop\\\/#\\\/schema\\\/logo\\\/image\\\/\",\"url\":\"https:\\\/\\\/aroma-database.com\\\/shop\\\/wp-content\\\/uploads\\\/2023\\\/02\\\/logo_final_2302.png\",\"contentUrl\":\"https:\\\/\\\/aroma-database.com\\\/shop\\\/wp-content\\\/uploads\\\/2023\\\/02\\\/logo_final_2302.png\",\"width\":1920,\"height\":379,\"caption\":\"aromainfo-database - Aromatherapie Datenbank\"},\"image\":{\"@id\":\"https:\\\/\\\/aroma-database.com\\\/shop\\\/#\\\/schema\\\/logo\\\/image\\\/\"}}]}<\/script>\n<!-- \/ Yoast SEO plugin. -->","yoast_head_json":{"title":"1-year-license - aromainfo-database - Aromatherapie Datenbank","description":"Aromitutkimus: Kaikki t\u00e4m\u00e4n tietokannan tiedot on tarkastettu useaan otteeseen, kaikki reseptit on todellakin kokeiltu ja kaikki vinkit on kokeiltu ja testattu.","robots":{"index":"index","follow":"follow","max-snippet":"max-snippet:-1","max-image-preview":"max-image-preview:large","max-video-preview":"max-video-preview:-1"},"canonical":"https:\/\/aroma-database.com\/shop\/tuote\/1-year-license-renewal-2\/?lang=fi","og_locale":"de_DE","og_type":"article","og_title":"1-year-license - aromainfo-database - Aromatherapie Datenbank","og_description":"Aromitutkimus: Kaikki t\u00e4m\u00e4n tietokannan tiedot on tarkastettu useaan otteeseen, kaikki reseptit on todellakin kokeiltu ja kaikki vinkit on kokeiltu ja testattu.","og_url":"https:\/\/aroma-database.com\/shop\/tuote\/1-year-license-renewal-2\/?lang=fi","og_site_name":"aromainfo-database - Aromatherapie Datenbank","article_modified_time":"2026-01-19T07:46:45+00:00","og_image":[{"width":800,"height":800,"url":"https:\/\/aroma-database.com\/shop\/wp-content\/uploads\/2025\/04\/Shop_Grafiken_Jahreslizenz_engl.png","type":"image\/png"}],"twitter_card":"summary_large_image","twitter_misc":{"Gesch\u00e4tzte Lesezeit":"1\u00a0Minute"},"schema":{"@context":"https:\/\/schema.org","@graph":[{"@type":"WebPage","@id":"https:\/\/aroma-database.com\/shop\/tuote\/1-year-license-renewal-2\/?lang=fi","url":"https:\/\/aroma-database.com\/shop\/tuote\/1-year-license-renewal-2\/?lang=fi","name":"1-year-license - aromainfo-database - Aromatherapie Datenbank","isPartOf":{"@id":"https:\/\/aroma-database.com\/shop\/#website"},"primaryImageOfPage":{"@id":"https:\/\/aroma-database.com\/shop\/tuote\/1-year-license-renewal-2\/?lang=fi#primaryimage"},"image":{"@id":"https:\/\/aroma-database.com\/shop\/tuote\/1-year-license-renewal-2\/?lang=fi#primaryimage"},"thumbnailUrl":"https:\/\/aroma-database.com\/shop\/wp-content\/uploads\/2025\/04\/Shop_Grafiken_Jahreslizenz_engl.png","datePublished":"2018-10-30T04:47:44+00:00","dateModified":"2026-01-19T07:46:45+00:00","description":"Aromitutkimus: Kaikki t\u00e4m\u00e4n tietokannan tiedot on tarkastettu useaan otteeseen, kaikki reseptit on todellakin kokeiltu ja kaikki vinkit on kokeiltu ja testattu.","breadcrumb":{"@id":"https:\/\/aroma-database.com\/shop\/tuote\/1-year-license-renewal-2\/?lang=fi#breadcrumb"},"inLanguage":"de","potentialAction":[{"@type":"ReadAction","target":["https:\/\/aroma-database.com\/shop\/tuote\/1-year-license-renewal-2\/?lang=fi"]}]},{"@type":"ImageObject","inLanguage":"de","@id":"https:\/\/aroma-database.com\/shop\/tuote\/1-year-license-renewal-2\/?lang=fi#primaryimage","url":"https:\/\/aroma-database.com\/shop\/wp-content\/uploads\/2025\/04\/Shop_Grafiken_Jahreslizenz_engl.png","contentUrl":"https:\/\/aroma-database.com\/shop\/wp-content\/uploads\/2025\/04\/Shop_Grafiken_Jahreslizenz_engl.png","width":800,"height":800},{"@type":"BreadcrumbList","@id":"https:\/\/aroma-database.com\/shop\/tuote\/1-year-license-renewal-2\/?lang=fi#breadcrumb","itemListElement":[{"@type":"ListItem","position":1,"name":"Startseite","item":"https:\/\/aroma-database.com\/shop\/"},{"@type":"ListItem","position":2,"name":"Home","item":"https:\/\/aroma-database.com\/shop\/"},{"@type":"ListItem","position":3,"name":"1-year-license"}]},{"@type":"WebSite","@id":"https:\/\/aroma-database.com\/shop\/#website","url":"https:\/\/aroma-database.com\/shop\/","name":"aromainfo-database - Aromatherapie Datenbank","description":"","publisher":{"@id":"https:\/\/aroma-database.com\/shop\/#organization"},"potentialAction":[{"@type":"SearchAction","target":{"@type":"EntryPoint","urlTemplate":"https:\/\/aroma-database.com\/shop\/?s={search_term_string}"},"query-input":{"@type":"PropertyValueSpecification","valueRequired":true,"valueName":"search_term_string"}}],"inLanguage":"de"},{"@type":"Organization","@id":"https:\/\/aroma-database.com\/shop\/#organization","name":"aromainfo-database - Aromatherapie Datenbank","url":"https:\/\/aroma-database.com\/shop\/","logo":{"@type":"ImageObject","inLanguage":"de","@id":"https:\/\/aroma-database.com\/shop\/#\/schema\/logo\/image\/","url":"https:\/\/aroma-database.com\/shop\/wp-content\/uploads\/2023\/02\/logo_final_2302.png","contentUrl":"https:\/\/aroma-database.com\/shop\/wp-content\/uploads\/2023\/02\/logo_final_2302.png","width":1920,"height":379,"caption":"aromainfo-database - Aromatherapie Datenbank"},"image":{"@id":"https:\/\/aroma-database.com\/shop\/#\/schema\/logo\/image\/"}}]}},"_links":{"self":[{"href":"https:\/\/aroma-database.com\/shop\/wp-json\/wp\/v2\/product\/7533","targetHints":{"allow":["GET"]}}],"collection":[{"href":"https:\/\/aroma-database.com\/shop\/wp-json\/wp\/v2\/product"}],"about":[{"href":"https:\/\/aroma-database.com\/shop\/wp-json\/wp\/v2\/types\/product"}],"wp:featuredmedia":[{"embeddable":true,"href":"https:\/\/aroma-database.com\/shop\/wp-json\/wp\/v2\/media\/8707"}],"wp:attachment":[{"href":"https:\/\/aroma-database.com\/shop\/wp-json\/wp\/v2\/media?parent=7533"}],"wp:term":[{"taxonomy":"product_brand","embeddable":true,"href":"https:\/\/aroma-database.com\/shop\/wp-json\/wp\/v2\/product_brand?post=7533"},{"taxonomy":"product_cat","embeddable":true,"href":"https:\/\/aroma-database.com\/shop\/wp-json\/wp\/v2\/product_cat?post=7533"},{"taxonomy":"product_tag","embeddable":true,"href":"https:\/\/aroma-database.com\/shop\/wp-json\/wp\/v2\/product_tag?post=7533"}],"curies":[{"name":"wp","href":"https:\/\/api.w.org\/{rel}","templated":true}]}}